[INFO] cloning repository https://github.com/snowp/spf
[INFO] running `Command { std: "git" "-c" "credential.helper=" "-c" "credential.helper=/workspace/cargo-home/bin/git-credential-null" "clone" "--bare" "https://github.com/snowp/spf" "/workspace/cache/git-repos/https%3A%2F%2Fgithub.com%2Fsnowp%2Fspf", kill_on_drop: false }`
[INFO] [stderr] Cloning into bare repository '/workspace/cache/git-repos/https%3A%2F%2Fgithub.com%2Fsnowp%2Fspf'...
[INFO] running `Command { std: "git" "rev-parse" "HEAD", kill_on_drop: false }`
[INFO] [stdout] 0c4bdd5f6cc34493d652936333313a064df11272
[INFO] checking snowp/spf against master#af3c6e733a40e671550e0f0f5aeecaa13772ba56 for pr-74989
[INFO] running `Command { std: "git" "clone" "/workspace/cache/git-repos/https%3A%2F%2Fgithub.com%2Fsnowp%2Fspf" "/workspace/builds/worker-7/source", kill_on_drop: false }`
[INFO] [stderr] Cloning into '/workspace/builds/worker-7/source'...
[INFO] [stderr] done.
[INFO] validating manifest of git repo https://github.com/snowp/spf on toolchain af3c6e733a40e671550e0f0f5aeecaa13772ba56
[INFO] running `Command { std: "/workspace/cargo-home/bin/cargo" "+af3c6e733a40e671550e0f0f5aeecaa13772ba56" "read-manifest" "--manifest-path" "Cargo.toml", kill_on_drop: false }`
[INFO] started tweaking git repo https://github.com/snowp/spf
[INFO] removed path dependency bcc from git repo https://github.com/snowp/spf
[INFO] finished tweaking git repo https://github.com/snowp/spf
[INFO] tweaked toml for git repo https://github.com/snowp/spf written to /workspace/builds/worker-7/source/Cargo.toml
[INFO] crate git repo https://github.com/snowp/spf already has a lockfile, it will not be regenerated
[INFO] running `Command { std: "/workspace/cargo-home/bin/cargo" "+af3c6e733a40e671550e0f0f5aeecaa13772ba56" "fetch" "--locked" "--manifest-path" "Cargo.toml", kill_on_drop: false }`
[INFO] [stderr] warning: dependency (bcc) specified without providing a local path, Git repository, or version to use. This will be considered an error in future versions
[INFO] [stderr]     Blocking waiting for file lock on package cache
[INFO] [stderr]     Updating crates.io index
[INFO] [stderr] error: the lock file /workspace/builds/worker-7/source/Cargo.lock needs to be updated but --locked was passed to prevent this
[INFO] [stderr] If you want to try to generate the lock file without accessing the network, use the --offline flag.
[INFO] the lockfile is outdated, regenerating it
[INFO] running `Command { std: "/workspace/cargo-home/bin/cargo" "+af3c6e733a40e671550e0f0f5aeecaa13772ba56" "generate-lockfile" "--manifest-path" "Cargo.toml" "-Zno-index-update", kill_on_drop: false }`
[INFO] [stderr]     Blocking waiting for file lock on package cache
[INFO] running `Command { std: "/workspace/cargo-home/bin/cargo" "+af3c6e733a40e671550e0f0f5aeecaa13772ba56" "fetch" "--locked" "--manifest-path" "Cargo.toml", kill_on_drop: false }`
[INFO] [stderr] warning: dependency (bcc) specified without providing a local path, Git repository, or version to use. This will be considered an error in future versions
[INFO] [stderr]     Blocking waiting for file lock on package cache
[INFO] running `Command { std: "docker" "create" "-v" "/var/lib/crater-agent-workspace/builds/worker-7/target:/opt/rustwide/target:rw,Z" "-v" "/var/lib/crater-agent-workspace/builds/worker-7/source:/opt/rustwide/workdir:ro,Z" "-v" "/var/lib/crater-agent-workspace/cargo-home:/opt/rustwide/cargo-home:ro,Z" "-v" "/var/lib/crater-agent-workspace/rustup-home:/opt/rustwide/rustup-home:ro,Z" "-e" "SOURCE_DIR=/opt/rustwide/workdir" "-e" "CARGO_TARGET_DIR=/opt/rustwide/target" "-e" "CARGO_HOME=/opt/rustwide/cargo-home" "-e" "RUSTUP_HOME=/opt/rustwide/rustup-home" "-w" "/opt/rustwide/workdir" "-m" "1610612736" "--user" "0:0" "--network" "none" "rustops/crates-build-env@sha256:d92eaeed33fa75130ca1ee6c8a01d1ffb62bac859dfdfb3450e3e5d1c0146529" "/opt/rustwide/cargo-home/bin/cargo" "+af3c6e733a40e671550e0f0f5aeecaa13772ba56" "metadata" "--no-deps" "--format-version=1", kill_on_drop: false }`
[INFO] [stdout] 9a9ea23d22f85abc3ac6b39dac49ede1dfc8e0d30c1681537df2914d7a1c8556
[INFO] [stderr] WARNING: Your kernel does not support swap limit capabilities or the cgroup is not mounted. Memory limited without swap.
[INFO] running `Command { std: "docker" "start" "-a" "9a9ea23d22f85abc3ac6b39dac49ede1dfc8e0d30c1681537df2914d7a1c8556", kill_on_drop: false }`
[INFO] running `Command { std: "docker" "inspect" "9a9ea23d22f85abc3ac6b39dac49ede1dfc8e0d30c1681537df2914d7a1c8556", kill_on_drop: false }`
[INFO] running `Command { std: "docker" "rm" "-f" "9a9ea23d22f85abc3ac6b39dac49ede1dfc8e0d30c1681537df2914d7a1c8556", kill_on_drop: false }`
[INFO] [stdout] 9a9ea23d22f85abc3ac6b39dac49ede1dfc8e0d30c1681537df2914d7a1c8556
[INFO] running `Command { std: "docker" "create" "-v" "/var/lib/crater-agent-workspace/builds/worker-7/target:/opt/rustwide/target:rw,Z" "-v" "/var/lib/crater-agent-workspace/builds/worker-7/source:/opt/rustwide/workdir:ro,Z" "-v" "/var/lib/crater-agent-workspace/cargo-home:/opt/rustwide/cargo-home:ro,Z" "-v" "/var/lib/crater-agent-workspace/rustup-home:/opt/rustwide/rustup-home:ro,Z" "-e" "SOURCE_DIR=/opt/rustwide/workdir" "-e" "CARGO_TARGET_DIR=/opt/rustwide/target" "-e" "CARGO_INCREMENTAL=0" "-e" "RUST_BACKTRACE=full" "-e" "RUSTFLAGS=--cap-lints=forbid" "-e" "CARGO_HOME=/opt/rustwide/cargo-home" "-e" "RUSTUP_HOME=/opt/rustwide/rustup-home" "-w" "/opt/rustwide/workdir" "-m" "1610612736" "--user" "0:0" "--network" "none" "rustops/crates-build-env@sha256:d92eaeed33fa75130ca1ee6c8a01d1ffb62bac859dfdfb3450e3e5d1c0146529" "/opt/rustwide/cargo-home/bin/cargo" "+af3c6e733a40e671550e0f0f5aeecaa13772ba56" "check" "--frozen" "--all" "--all-targets" "--message-format=json", kill_on_drop: false }`
[INFO] [stderr] WARNING: Your kernel does not support swap limit capabilities or the cgroup is not mounted. Memory limited without swap.
[INFO] [stdout] 80d0f5a323f35d525d04481860949cd956368fc76969b64baed313b78d484922
[INFO] running `Command { std: "docker" "start" "-a" "80d0f5a323f35d525d04481860949cd956368fc76969b64baed313b78d484922", kill_on_drop: false }`
[INFO] [stderr] warning: dependency (bcc) specified without providing a local path, Git repository, or version to use. This will be considered an error in future versions
[INFO] [stderr]    Compiling libc v0.2.77
[INFO] [stderr]    Compiling unicode-xid v0.2.1
[INFO] [stderr]    Compiling syn v1.0.41
[INFO] [stderr]    Compiling bcc-sys v0.15.1
[INFO] [stderr]    Compiling nix v0.17.0
[INFO] [stderr]     Checking regex-syntax v0.6.18
[INFO] [stderr]     Checking textwrap v0.11.0
[INFO] [stderr]     Checking log v0.4.11
[INFO] [stderr]     Checking aho-corasick v0.7.13
[INFO] [stderr]     Checking miniz_oxide v0.4.2
[INFO] [stderr]    Compiling proc-macro2 v1.0.21
[INFO] [stderr]     Checking log v0.3.9
[INFO] [stderr]     Checking hpack v0.3.0
[INFO] [stderr]    Compiling quote v1.0.7
[INFO] [stderr]     Checking atty v0.2.14
[INFO] [stderr]     Checking backtrace v0.3.50
[INFO] [stderr]     Checking regex v1.3.9
[INFO] [stderr]     Checking colored v1.9.3
[INFO] [stderr]     Checking clap v2.33.3
[INFO] [stderr]    Compiling synstructure v0.12.4
[INFO] [stderr]    Compiling thiserror-impl v1.0.20
[INFO] [stderr]    Compiling failure_derive v0.1.8
[INFO] [stderr]     Checking ctrlc v3.1.6
[INFO] [stderr]     Checking failure v0.1.8
[INFO] [stderr]     Checking thiserror v1.0.20
[INFO] [stderr]     Checking bcc v0.0.24
[INFO] [stderr]     Checking spf v0.1.0 (/opt/rustwide/workdir)
[INFO] [stdout] error[E0432]: unresolved import `bcc::perf`
[INFO] [stdout]  --> src/bpf.rs:2:10
[INFO] [stdout]   |
[INFO] [stdout] 2 | use bcc::perf::init_perf_map;
[INFO] [stdout]   |          ^^^^ could not find `perf` in `bcc`
[INFO] [stdout] 
[INFO] [stdout] 
[INFO] [stdout] error[E0432]: unresolved import `bcc::perf`
[INFO] [stdout]  --> src/bpf.rs:2:10
[INFO] [stdout]   |
[INFO] [stdout] 2 | use bcc::perf::init_perf_map;
[INFO] [stdout]   |          ^^^^ could not find `perf` in `bcc`
[INFO] [stdout] 
[INFO] [stdout] 
[INFO] [stdout] error[E0603]: module `core` is private
[INFO] [stdout]   --> src/bpf.rs:1:10
[INFO] [stdout]    |
[INFO] [stdout] 1  | use bcc::core::BPF;
[INFO] [stdout]    |          ^^^^ private module
[INFO] [stdout]    |
[INFO] [stdout] note: the module `core` is defined here
[INFO] [stdout]   --> /opt/rustwide/cargo-home/registry/src/github.com-1ecc6299db9ec823/bcc-0.0.24/src/lib.rs:10:1
[INFO] [stdout]    |
[INFO] [stdout] 10 | mod core;
[INFO] [stdout]    | ^^^^^^^^^
[INFO] [stdout] 
[INFO] [stdout] 
[INFO] [stdout] error[E0603]: module `core` is private
[INFO] [stdout]   --> src/bpf.rs:1:10
[INFO] [stdout]    |
[INFO] [stdout] 1  | use bcc::core::BPF;
[INFO] [stdout]    |          ^^^^ private module
[INFO] [stdout]    |
[INFO] [stdout] note: the module `core` is defined here
[INFO] [stdout]   --> /opt/rustwide/cargo-home/registry/src/github.com-1ecc6299db9ec823/bcc-0.0.24/src/lib.rs:10:1
[INFO] [stdout]    |
[INFO] [stdout] 10 | mod core;
[INFO] [stdout]    | ^^^^^^^^^
[INFO] [stdout] 
[INFO] [stdout] 
[INFO] [stdout] error: aborting due to 2 previous errors
[INFO] [stdout] 
[INFO] [stdout] 
[INFO] [stdout] Some errors have detailed explanations: E0432, E0603.
[INFO] [stdout] 
[INFO] [stdout] For more information about an error, try `rustc --explain E0432`.
[INFO] [stdout] 
[INFO] [stderr] error: could not compile `spf`.
[INFO] [stderr] 
[INFO] [stderr] To learn more, run the command again with --verbose.
[INFO] [stderr] warning: build failed, waiting for other jobs to finish...
[INFO] [stdout] error: aborting due to 2 previous errors
[INFO] [stdout] 
[INFO] [stdout] 
[INFO] [stdout] Some errors have detailed explanations: E0432, E0603.
[INFO] [stdout] 
[INFO] [stdout] For more information about an error, try `rustc --explain E0432`.
[INFO] [stdout] 
[INFO] [stderr] error: build failed
[INFO] running `Command { std: "docker" "inspect" "80d0f5a323f35d525d04481860949cd956368fc76969b64baed313b78d484922", kill_on_drop: false }`
[INFO] running `Command { std: "docker" "rm" "-f" "80d0f5a323f35d525d04481860949cd956368fc76969b64baed313b78d484922", kill_on_drop: false }`
[INFO] [stdout] 80d0f5a323f35d525d04481860949cd956368fc76969b64baed313b78d484922
